nds digit of 27504?
2
What is the thousands digit of 102704?
2
What is the tens digit of 12332?
3
What is the hundreds digit of 1058?
0
What is the hundreds digit of 13191?
1
What is the units digit of 48518?
8
What is the tens digit of 22592?
9
What is the ten thousands digit of 85550?
8
What is the units digit of 1050?
0
What is the thousands digit of 2306?
2
What is the hundreds digit of 359?
3
What is the hundreds digit of 8597?
5
What is the tens digit of 3815?
1
What is the thousands digit of 2047?
2
What is the hundreds digit of 284?
2
What is the thousands digit of 10498?
0
What is the tens digit of 103861?
6
What is the hundreds digit of 186?
1
What is the tens digit of 21157?
5
What is the hundreds digit of 14656?
6
What is the units digit of 2489?
9
What is the tens digit of 292?
9
What is the ten thousands digit of 48216?
4
What is the hundreds digit of 183089?
0
What is the hundreds digit of 27349?
3
What is the tens digit of 18272?
7
What is the tens digit of 958?
5
What is the units digit of 917?
7
What is the thousands digit of 11451?
1
What is the units digit of 18555?
5
What is the hundreds digit of 31256?
2
What is the units digit of 8833?
3
What is the units digit of 28?
8
What is the tens digit of 22853?
5
What is the thousands digit of 31448?
1
What is the units digit of 2431?
1
What is the tens digit of 415?
1
What is the ten thousands digit of 18430?
1
What is the hundreds digit of 5868?
8
What is the units digit of 2317?
7
What is the thousands digit of 2820?
2
What is the hundreds digit of 37600?
6
What is the thousands digit of 1826?
1
What is the thousands digit of 62110?
2
What is the units digit of 3792?
2
What is the ten thousands digit of 14967?
1
What is the tens digit of 2069?
6
What is the hundreds digit of 4083?
0
What is the units digit of 74019?
9
What is the tens digit of 23417?
1
What is the hundreds digit of 344?
3
What is the units digit of 7598?
8
What is the hundred thousands digit of 106440?
1
What is the thousands digit of 3274?
3
What is the tens digit of 32795?
9
What is the tens digit of 213?
1
What is the tens digit of 7906?
0
What is the thousands digit of 1314?
1
What is the units digit of 93478?
8
What is the tens digit of 27614?
1
What is the tens digit of 1223?
2
What is the tens digit of 444?
4
What is the hundreds digit of 17301?
3
What is the hundreds digit of 18263?
2
What is the hundreds digit of 831?
8
What is the hundreds digit of 142?
1
What is the units digit of 4518?
8
What is the hundreds digit of 2002?
0
What is the ten thousands digit of 41422?
4
What is the tens digit of 455?
5
What is the tens digit of 12?
1
What is the units digit of 2010?
0
What is the ten thousands digit of 21806?
2
What is the tens digit of 138?
3
What is the units digit of 1124?
4
What is the tens digit of 670?
7
What is the tens digit of 17544?
4
What is the tens digit of 29129?
2
What is the tens digit of 4271?
7
What is the hundreds digit of 21760?
7
What is the ten thousands digit of 32618?
3
What is the tens digit of 7145?
4
What is the tens digit of 68973?
7
What is the units digit of 30?
0
What is the ten thousands digit of 105891?
0
What is the hundreds digit of 197425?
4
What is the hundreds digit of 138?
1
What is the hundreds digit of 137986?
9
What is the tens digit of 635?
3
What is the units digit of 10542?
2
What is the thousands digit of 50239?
0
What is the hundreds digit of 1220?
2
What is the hundreds digit of 3614?
6
What is the hundreds digit of 1202?
2
What is the tens digit of 178?
7
What is the thousands digit of 27133?
7
What is the tens digit of 3796?
9
What is the hundred thousands digit of 139989?
1
What is the units digit of 64?
4
What is the hundreds digit of 16060?
0
What is the units digit of 977?
7
What is the tens digit of 13217?
1
What is the hundreds digit of 2902?
9
What is the tens digit of 833?
3
What is the units digit of 66273?
3
What is the units digit of 602?
2
What is the tens digit of 35953?
5
What is the tens digit of 46994?
9
What is the hundreds digit of 70910?
9
What is the thousands digit of 1668?
1
What is the units digit of 79400?
0
What is the units digit of 23?
3
What is the units digit of 12592?
2
What is the units digit of 58807?
7
What is the tens digit of 2848?
4
What is the units digit of 28654?
4
What is the thousands digit of 2114?
2
What is the hundreds digit of 752?
7
What is the ten thousands digit of 44068?
4
What is the units digit of 5604?
4
What is the tens digit of 370?
7
What is the tens digit of 1992?
9
What is the hundreds digit of 16117?
1
What is the thousands digit of 18908?
8
What is the hundreds digit of 97736?
7
What is the hundreds digit of 27590?
5
What is the thousands digit of 1404?
1
What is the hundreds digit of 746?
7
What is the hundreds digit of 828?
8
What is the hundreds digit of 17944?
9
What is the thousands digit of 37072?
7
What is the tens digit of 3403?
0
What is the thousands digit of 5545?
5
What is the hundreds digit of 74530?
5
What is the units digit of 2482?
2
What is the hundreds digit of 3733?
7
What is the tens digit of 16205?
0
What is the tens digit of 3976?
7
What is the tens digit of 2527?
2
What is the units digit of 4750?
0
What is the units digit of 18908?
8
What is the thousands digit of 52302?
2
What is the hundreds digit of 990?
9
What is the units digit of 2671?
1
What is the hundreds digit of 3657?
6
What is the tens digit of 6932?
3
What is the tens digit of 957?
5
What is the tens digit of 890?
9
What is the units digit of 18145?
5
What is the ten thousands digit of 12533?
1
What is the ten thousands digit of 34608?
3
What is the tens digit of 4906?
0
What is the hundreds digit of 2952?
9
What is the hundreds digit of 1026?
0
What is the units digit of 364?
4
What is the ten thousands digit of 43313?
4
What is the thousands digit of 15191?
5
What is the ten thousands digit of 36981?
3
What is the tens digit of 343?
4
What is the tens digit of 5907?
0
What is the ten thousands digit of 178534?
7
What is the units digit of 1851?
1
What is the thousands digit of 36990?
6
What is the tens digit of 2062?
6
What is the units digit of 278?
8
What is the thousands digit of 9282?
9
What is the thousands digit of 7624?
7
What is the tens digit of 17515?
1
What is the hundreds digit of 33415?
4
What is the thousands digit of 29296?
9
What is the hundreds digit of 4477?
4
What is the ten thousands digit of 46189?
4
What is the hundreds digit of 776?
7
What is the tens digit of 1689?
8
What is the hundred thousands digit of 160110?
1
What is the tens digit of 6796?
9
What is the tens digit of 58691?
9
What is the units digit of 927?
7
What is the tens digit of 11696?
9
What is the hundreds digit of 21057?
0
What is the hundreds digit of 196?
1
What is the hundreds digit of 1461?
4
What is the tens digit of 10386?
8
What is the units digit of 450?
0
What is the tens digit of 28373?
7
What is the thousands digit of 3155?
3
What is the hundreds digit of 668?
6
What is the ten thousands digit of 86135?
8
What is the tens digit of 298?
9
What is the units digit of 48049?
9
What is the units digit of 2329?
9
What is the hundreds digit of 3975?
9
What is the tens digit of 1038?
3
What is the tens digit of 3550?
5
What is the units digit of 3028?
8
What is the hundreds digit of 33016?
0
What is the units digit of 5460?
0
What is the units digit of 4284?
4
What is the thousands digit of 24012?
4
What is the units digit of 33186?
6
What is the hundreds digit of 2095?
0
What is the thousands digit of 67248?
7
What is the thousands digit of 26451?
6
What is the units digit of 63577?
7
What is the hundreds digit of 2384?
3
What is the tens digit of 989?
8
What is the units digit of 12337?
7
What is the units digit of 3432?
2
What is the ten thousands digit of 31438?
3
What is the tens digit of 21088?
8
What is the hundreds digit of 208775?
7
What is the thousands digit of 2942?
2
What is the thousands digit of 103856?
3
What is the hundreds digit of 1450?
4
What is the hundreds digit of 9575?
5
What is the hundreds digit of 2004?
0
What is the ten thousands digit of 27458?
2
What is the hundreds digit of 1662?
6
What is the tens digit of 712?
1
What is the hundreds digit of 66245?
2
What is the tens digit of